the second derivative of -5/12*h**4 - 2*h - 3/2*h**2 + 0 + 2/3*h**3 - 1/20*h**5. Is w(-7) composite?
False
Let u = 29977 - 12458. Is u a composite number?
False
Suppose 0*u - 112 = 8*u. Is (35/u)/((-2)/116) composite?
True
Let i = 9881 - 4116. Is i prime?
False
Let m(n) be the first derivative of 15*n**2 + 3*n - 6. Let r be m(2). Is (r/12)/((-1)/(-4)) a prime number?
False
Suppose -25*g - 405 = -30*g. Let o = 238 - g. Is o a composite number?
False
Suppose -t + 3 = -3*k, -4*t + 5*k + 0*k = -12. Suppose -6*j - 8 = -t*j + 5*w, -2*w - 12 = 2*j. Let y = 138 + j. Is y a composite number?
False
Suppose 3*k - 12 + 3 = 0. Suppose -4*g - 14 = -2*c, -1 = g - k*c + 5*c. Let r = g + 29. Is r prime?
False
Is 89260 + (-9)/(0 + 9) composite?
True
Let k = 74631 - 53035. Suppose -k = -8*q + 4*q. Is q a composite number?
False
Suppose -37*t + 15401 = -36*t. Is t a prime number?
True
Suppose -r = -v + 2771, 0 = 3*r + r - 8. Is v a prime number?
False
Let m = 439 - 1250. Let v = m - -1260. Is v prime?
True
Let m(k) = -2*k**3 + 4*k**2 + 2*k - 2. Let o(u) = u + 7. Let v be o(-8). Let c be -1*(-1 - 1)/v. Is m(c) prime?
False
Suppose 0 = -5*t - 0*b + 3*b + 25, t = 5*b + 27. Suppose -40 = -n - t*f + 165, n = 2*f + 217. Is n a composite number?
False
Let v = -13499 - -19480. Is v prime?
True
Suppose -1260 = -h - 4*h. Suppose 4*u - h - 100 = 0. Suppose 337 - u = 3*f. Is f prime?
True
Suppose 0 = 26*k - 88062 - 161200. Is k prime?
True
Suppose 62*g + 9807 = 69*g. Is g composite?
True
Let w(f) = 174*f**2 + 24*f + 83. Is w(-8) composite?
False
Let g(a) = -77*a + 135. Is g(-38) a composite number?
False
Let s(j) = j**2 - 6*j - 7. Let q = -56 - -44. Is s(q) prime?
False
Let d(k) = -184*k + 1. Let w = 6 + -7. Is d(w) a prime number?
False
Let a(n) = n**2 + 5*n - 2. Let m be a(-5). Let b = 2 - m. Suppose b*f + 11 = 71. Is f composite?
True
Suppose -7*k + 10 = 59. Is 3*(-2)/3 + (k - -314) composite?
True
Let k(i) = 3*i - 98. Let l be k(25). Let t be 2/7 - 892/(-14). Let y = t - l. Is y a composite number?
True
Let h be (-2 - -1 - 234)*-5. Suppose -3123 = -4*t - h. Is t composite?
False
Suppose x - 3*x = 2*f - 10498, 0 = x - 4*f - 5229. Is x a prime number?
False
Let d = -19 + 11. Is (d/24)/(1/(-255)) prime?
False
Suppose 10 - 61 = -17*r. Suppose 0 = r*v - 164 - 217. Is v prime?
True
Suppose 3*g - 5*g = -12. Is 208 - (g/12)/(2/12) a composite number?
True
Let n(r) = -90*r**2 - 7*r - 3. Let l(x) = -135*x**2 - 10*x - 4. Let m(a) = 5*l(a) - 8*n(a). Is m(-5) composite?
True
Is ((-325 - 2)/3)/((-14)/154) prime?
False
Let n(s) = 19*s + 2. Let y be n(-7). Let b = y - -258. Suppose m - 4 = b. Is m a prime number?
True
Let d be 7/7 + (0 - -3). Suppose 0 = -5*y + d*y + 23. Is y a prime number?
True
Let l(u) = 5*u**3 + 26*u**2 - 24*u - 4. Let n(m) = -6*m**3 - 27*m**2 + 25*m + 4. Let k(c) = 7*l(c) + 6*n(c). Is k(15) a composite number?
True
Suppose 64983 = 5*d - 24032. Is d a prime number?
False
Let s(i) = 248*i**3 + 3*i**2 - 4*i + 3. Let b be s(3). Is (0 - 2) + (b/(-9))/(-2) composite?
True
Suppose -2*p + 15627 = -5*h, -p + 2275 = -h - 5537. Is p prime?
False
Let a(f) = f**3 - 5*f - 2. Let x(r) = -r**3 + r**2 + 4*r + 3. Let c(m) = 4*a(m) + 5*x(m). Let z(w) = w**3 - 6*w**2 + 2*w - 7. Let b be z(6). Is c(b) composite?
False
Let f = 530 - 307. Is f composite?
False
Let x be (-16)/(-6)*36/8. Suppose 27231 + 4365 = x*d. Is d composite?
False
Suppose -11*b + 13484 = -40097. Is b a prime number?
True
Let c(a) = 19*a**2 + 2*a + 18. Let h(w) = 3 - 8 + 4. Let t(q) = c(q) + 5*h(q). Is t(6) composite?
False
Let m(r) = -25 + 3*r**2 + 2*r - 6*r**3 + 22 - 7*r**3 - 2*r**3. Is m(-4) a composite number?
False
Let i be (-5)/(20/3)*-4. Suppose -5*u + 3*r + 476 - 140 = 0, 2*u + i*r - 147 = 0. Is u composite?
True
Suppose 32*i = 34*i - 4*q - 61226, -i = 3*q - 30608. Is i prime?
False
Suppose -3*a = -4*a + 4. Suppose -4*i + a = -3*i. Suppose -234 = -i*g + 2*g - 5*w, -5*w - 528 = -4*g. Is g a prime number?
True
Suppose 5*f - 11068 - 7132 = 5*r, 2*r = f - 3637. Is f composite?
False
Suppose -11*i + 288551 = 15487. Suppose 4*v = 3*a - 11677, -4*a + i = 5*v + 9203. Is a prime?
False
Let c(y) = -6308*y + 103. Is c(-1) prime?
False
Suppose 0 = -14*s + 48*s - 24106. Is s prime?
True
Is (-7470)/(-4) - (30/(-12))/(-5) a prime number?
True
Let t = 7573 - 4534. Let k = t + -2030. Is k a composite number?
False
Let w = 15056 - 8535. Is w a prime number?
True
Let u(o) = -o + 3. Let f be u(-7). Suppose -5*l = -f - 10. Is 10*(-51)/(-2) - l composite?
False
Suppose -4*u = 4*g - 14400, 6*g - 10770 = -3*u + 9*g. Is u a composite number?
True
Let g(x) = x**3 - x**2 - 3*x + 9. Suppose -v - 2*d + 6 = 0, 4*d - 3*d = 0. Let j be g(v). Let m = -102 + j. Is m prime?
False
Let y = -12342 - -27995. Is y a composite number?
True
Suppose 0 = 4*z + 5*x - 2*x - 11, -3*x + 3 = 0. Suppose 4*d - 107 = -3*o, 67 = 2*d - o - z*o. Suppose -d*n - 255 = -32*n. Is n prime?
False
Let l = 247 - 366. Let f = l - -78. Let k = f + 84. Is k a composite number?
False
Let r = 10 + -7. Suppose 809 = 24*d - 247. Suppose -g = -r*g + d. Is g a composite number?
True
Let b(p) = -4*p + 2. Let v be b(1). Is v/3*10632/(-16) composite?
False
Suppose -2*y - x + 4 = 0, 0 = -0*x + 3*x. Suppose 0*t + 2*t - 2*v = 22, -y*t = -4*v - 30. Is (-2)/t - 1423/(-7) a prime number?
False
Let f(a) = -a**3 - 16*a**2 + a + 17. Let z be f(-16). Let q be z/(1136/(-379) + 3). Let s = -158 + q. Is s prime?
False
Let i = 1575 - -113. Is 0 + 0 - i/(40/(-5)) composite?
False
Let q = 7 + 23. Suppose -7*u + 5*u - q = 0. Is 1136/20 - 3/u a composite number?
True
Let y(l) = 4*l**2 + 4*l + 5. Let a(i) = -3*i + 16. Let b be a(4). Is y(b) prime?
False
Suppose 36600 - 105675 = -5*b - 4*l, 5*b = 5*l + 69030. Is b prime?
False
Let p = -11 + 17. Suppose 228 = p*i - 3270. Is i prime?
False
Suppose -u + 19*u - 920070 = 0. Is u prime?
False
Let i(l) = -610*l + 71. Is i(-21) a composite number?
True
Is (-5 - -7 - -4) + 26615 composite?
True
Suppose 0 = 4*r + 2*n - 13952, -14*n + 11*n = -4*r + 13962. Is r composite?
True
Suppose -3*i + 0*i + 6 = 0. Let l be i*((-2)/4 - -2). Suppose -l*z + 3*o = -51, 32 = 4*z + 5*o - 0*o. Is z a prime number?
True
Is 7 + (577717/28 - 3/4) composite?
False
Suppose 0 = 4*z - 15*z. Suppose -5*y - 10463 = -3*o - y, z = -4*y + 16. Is o composite?
True
Suppose 4*v = -v. Suppose 6*w - 3*w - 1017 = v. Is w a prime number?
False
Let f = -1149 + 1952. Is f prime?
False
Suppose 0 = -n - 5 + 20. Is 10188/n + (-1)/5 a composite number?
True
Let k(v) = v**3 + 17*v**2 + 17*v + 8. Suppose -4*m + 3*d = -2*d + 69, 15 = 3*d. Is k(m) a prime number?
True
Suppose 3*d = 15, 2*m - 3*m + 3*d - 13 = 0. Suppose -5 = -2*c - 3, 0 = m*x + 2*c - 324. Is x prime?
False
Let h(f) be the third derivative of f**4/3 + 7*f**3/2 + 2*f**2. Is h(16) a prime number?
True
Let k(f) = -709*f + 7. Let q be k(-11). Suppose -5*v + l = -q, 0*v - 5*l = -3*v + 4688. Is v a composite number?
True
Let c(k) = 980*k**3 - 2*k**2 + 4*k - 5. Is c(2) prime?
False
Let a = 1118 + -34. Suppose 3*p = 5*h - a, -h - 4*p = -3*h + 428. Is h a composite number?
True
Suppose -748 = 4*q + 5*x, -x - 374 = -0*q + 2*q. Let w = -977 + 572. Let j = q - w. Is j a composite number?
True
Suppose 0 = -11*s + 48666 + 267463. Is s prime?
False
Suppose -11*t + 6584 = -24139. Suppose -c - c + t = j, 6990 = 5*c + j. Is c a prime number?
True
Let f(v) be the third derivative of 67*v**6/120 + v**5/20 + v**4/6 - 7*v**3/6 - 23*v**2. Is f(3) a prime number?
False
Let x(h) = -8*h**2 + 7*h + 12. Let t be x(-3). Is 4/(-18) + (-20835)/t composite?
False
Let d be ((-2)/(-6))/(5/60). Suppose 2*w = -6 - d, 0 = -4*x + 3*w + 19. Is ((-66)/(-2))/(x + 0) a composite number?
True
Let i = 16 - -29. Let k be (-2)/(-3)*i/10. Suppose 0*l + k*r = -4*l + 1065, -5 = 5*r. Is l a composite number?
True
Let a be (-12308)/(-51) - 2/(-3). Suppose 2*u = -v + a + 196, 0 = 3*u + v - 659. Is u composite?
True
Suppose 0*j = -9*j - 5634. Let x = 1209 - j. Is x composite?
True
Let o(y) be the first derivative of 12*y**4 + y**3/3 + y**2/2 + 9*y + 11. Is o(4) a composite number?
True
Let b(a) = -9*a**3 + a**2 - 4. Let x be b(3). Let d = x - -452. Is d a composite number?
True
Let q = 7 - -1. Let k = -3 + q. Suppose k*f - 3*c - 460 = 0, -c - c - 366 = -4*f. Is f a composite number?
False
Sup